What is the units digit of u(2)?
7
Suppose -2*x + 3*x - f = 7, -5*f + 15 = 0. What is the units digit of x?
0
Let a(h) = -178*h - 1147. What is the units digit of a(-13)?
7
Let r(k) = -4*k + 7. Let p be r(3). Let t(y) = -7*y**2 - 9*y + 1. Let q(b) = 6*b**2 + 9*b. Let f(j) = p*t(j) - 6*q(j). What is the units digit of f(-7)?
9
Let n = 80 - -22. What is the hundreds digit of n?
1
Let z(x) = -6*x - 28. Let c(h) = -4*h + 46. Let l be c(16). What is the units digit of z(l)?
0
Let h = -7 - -4. Let s = 16 + -11. What is the units digit of -2 + 15 + s + h?
5
Suppose c - 5 = -2*x, 4*c - 2*x = 3*x - 6. What is the tens digit of (-1)/(c/(-111)*3)?
3
Let f(p) = 7*p**2 + 2*p + 1. Let q be f(3). Suppose -93 = m - 97. What is the units digit of q/(-28)*m/(-10)?
1
Suppose -75*t + 100*t - 65825 = 0. What is the tens digit of t?
3
Let q(n) = -6*n - 26. Let w be q(-5). Suppose 5*v - 106 = w*v. What is the units digit of v?
6
Let t = -6465 - -16086. What is the units digit of t/99 + 2/(-11)?
7
Suppose b - 4 - 2 = 4*c, 3*c = 0. Suppose 3*t - 679 = 4*n + 298, 965 = 3*t + 2*n. Suppose 0 = -b*f - 83 + t. What is the tens digit of f?
4
Let p be (5 - 2) + 6 + -7. Suppose -p*t = 5*d - 9, 6*t - 6 = t + 4*d. Suppose t = -3*s + 35. What is the tens digit of s?
1
Let v(k) = 4 - 2*k - k**2 - 5*k + 2*k**2 - 3. Let z be v(4). Let x(s) = -3*s - 14. What is the tens digit of x(z)?
1
Let z be (-30)/(-12) - (-1)/2. Suppose -5*p = -z*t - 2*t - 25, -3*p + 5*t = -7. Suppose -4*w - p + 57 = 0. What is the tens digit of w?
1
Let a = -130 - -187. What is the units digit of a?
7
Suppose -2*c = 5*c - 7077. What is the tens digit of c?
1
Let s be (-4)/(-16) - (-268)/16. Suppose -n = 8 - s. What is the units digit of n?
9
Let u(o) = o - 2. Suppose -4*m + 0*m = q - 2, 2*q - 4*m - 16 = 0. Let g be u(q). Suppose 3 = -w - g*s, -2*w + 3 = -2*s + s. What is the units digit of w?
1
Let b(o) = -o + 12 + 4*o**3 - 13*o**2 - 8*o - 5*o**3. Let d be b(-12). Let g = 3 - d. What is the tens digit of g?
2
What is the hundreds digit of (-25)/50 + 14133/6?
3
Let u be 246/(0/3 + 2). Let k = u + -101. What is the tens digit of k?
2
Let d(k) = -k**2 - 10*k + 42. Suppose -b + 42 = -3*a, -3*a = 2*b + 12 + 21. What is the units digit of d(a)?
3
Suppose -10464 = -4*f + 3*s, 0 = f - 2*f + 3*s + 2607. What is the tens digit of f?
1
Let t(d) = d**2 + 14*d - 6. What is the tens digit of t(12)?
0
Let m be 0 + (1 - -5) - 4. Suppose p - m*o - 46 = 0, 5*p + 0*p + 5*o = 305. What is the units digit of p?
6
Let p = 1338 + -537. What is the tens digit of p?
0
Suppose c + 10 = -v - 0*v, 0 = -3*v + 5*c - 30. Let l(u) = -u**2 - 14*u - 3. What is the units digit of l(v)?
7
Let p(j) be the first derivative of 5*j**2/2 + 3. Let q(k) = k. Let i(o) = p(o) + 4*q(o). What is the units digit of i(1)?
9
Let q(h) = 729*h + 46. What is the tens digit of q(6)?
2
Let i be -474*(40/12 + -4). Let u = -119 + i. What is the units digit of u?
7
Suppose 0*b + 322 = 4*b + 2*m, 0 = 3*m + 3. Let g be 2 - 0/(3 + -1). Suppose g*u - b = -11. What is the units digit of u?
5
Let z(h) = 16 + 6*h + 12 - 52 + 7*h**2 + 12. What is the units digit of z(-4)?
6
Suppose -2*u + 3*l = -18, 6*l = 5*u + l - 50. Suppose -f + u = 4*x, 4*f + 16 = -0. What is the tens digit of 684/52 + x/(-26)?
1
Suppose 42 = 4*p - 78. Let b = 79 - p. What is the units digit of b?
9
Let g = 1200 - 661. What is the hundreds digit of g?
5
Suppose 3*o - 16 = 83. Suppose o*y = 38*y - 200. What is the tens digit of y?
4
Let n = 2611 - 523. What is the tens digit of (-2)/(-7) - n/(-42)?
5
Let y = 1741 + -736. What is the tens digit of y?
0
Let w be (49 + -1)/(3/2). Suppose 118 = 5*g + 4*n, g - 2*n - 18 = -0*n. Let z = w - g. What is the units digit of z?
0
Let r(k) = -k - 5*k + 4*k + 4*k + 2*k**2. Let m be r(-2). Suppose -94 - 6 = -2*o - 5*d, 16 = m*d. What is the units digit of o?
0
Suppose -2*s + 150 = 4*s. Suppose x - 23 - s = 0. What is the tens digit of x?
4
Let u = -25 - -34. Suppose -u*f + 4*f + 45 = 0. What is the units digit of f?
9
Let r = -31 - -103. Suppose r = -3*q + 5*q. Suppose -2*w = 3*w + 3*f - 59, 2*w - q = 5*f. What is the tens digit of w?
1
Let p(o) = -40*o**2 - 5*o - 33. Let f be p(-13). What is the units digit of 1/9 + f/(-36)?
7
Suppose -7 = -b + 3*b + v, -5*v = 2*b - 5. Let h(q) = -6*q + 0*q**2 + 0*q + 5*q**2 + q**3 - 4 + 0*q**2. What is the tens digit of h(b)?
2
Let j(l) = l**2 + l + 5. Let d be j(0). Suppose -75 = d*s - 820. Suppose -5*i - 4*y + 20 = -335, 2*i + 3*y = s. What is the units digit of i?
7
Suppose 28 = -0*g + 2*g. Let q = 36 - g. Suppose 5*w - q = 3*b + 73, -19 = -w - 5*b. What is the units digit of w?
9
Let x be 8/(-3)*(-36)/(-24). Let s be 5 + (-4)/x + -1. Suppose -39 = -s*c + 2*c. What is the units digit of c?
3
Suppose 2*q - 34 - 8 = -3*h, -6 = -h + 2*q. Let f be (78/h)/(2/4). Let x = f + -3. What is the tens digit of x?
1
What is the tens digit of 3670/17 + 12/102?
1
Let j = 57 - 58. Let k(d) = -28*d**3. What is the units digit of k(j)?
8
Let j(m) = -m**2 - m. Suppose 0 = -3*u + 12, 22 = -2*c + c + 5*u. Let o be j(c). Let p(l) = 4*l**2 - 3*l - 2. What is the tens digit of p(o)?
2
Let o be -7 + (0 - 6/3). Let k = o + 14. Suppose -k*m + 124 = -m. What is the units digit of m?
1
Let x be ((240/(-35))/4)/(2/(-14)). Suppose x*y - 546 = -126. What is the tens digit of y?
3
Suppose 4*p - 137 = -r - 51, -4*p = 5*r - 430. What is the units digit of 5/10 + 0 + r/4?
2
Suppose 2*p + 3*x - 308 = 0, 0 = -4*p + p + 5*x + 462. Let u = p + -61. What is the tens digit of u?
9
Let h = -13 - -13. Suppose 0 = -h*z + 3*z. Suppose 0 = -5*j - z*j + 150. What is the units digit of j?
0
Suppose -2*y = 22 + 12. Let o = y - -110. What is the units digit of o?
3
What is the hundreds digit of 26922/90 - (-16)/(-120)?
2
Let f = -20 + 21. Let r be (8 - 9)*(f - 2). What is the tens digit of (-12)/r*(-2 - -1)?
1
Let z(l) = 9*l - 1. Let m be z(1). Suppose -m*q + 541 = 197. What is the units digit of q?
3
Suppose 712 = 5*f - 623. What is the hundreds digit of f?
2
Let v(h) = 8*h**2 + 17*h + 12. Let n be v(-8). What is the units digit of n/14 + (-6)/(-21)?
8
Suppose 0*z + z - 13 = -3*d, 2*z = -5*d + 25. Suppose b = 2*b + z. Let q(i) = -3*i - 2. What is the tens digit of q(b)?
2
Let b(i) be the third derivative of -1/12*i**4 - 2*i**2 + 0 - 11/6*i**3 + 0*i. What is the units digit of b(-8)?
5
Let n(m) = m**3 - m + 1. Let l(d) = -3*d**3 - 8*d**2 + 12*d - 13. Let z(o) = -l(o) - 2*n(o). Let p = -143 - -134. What is the tens digit of z(p)?
2
Suppose 21 = -2*s - 23. Suppose 220 = -4*z + 4*q + 8, -3*z - q - 167 = 0. Let h = s - z. What is the tens digit of h?
3
Let z(v) = -4*v + 8. Let u(n) = n - 5. Let s(q) = 2*q - 6. Let a(l) = 4*s(l) - 3*u(l). Let i(o) = 2*a(o) + 3*z(o). What is the tens digit of i(-3)?
1
Let d(u) = 2*u**2 - 3*u - 19. Suppose 4*l = -4*b + 76 - 20, -2*b = 3*l - 33. What is the tens digit of d(b)?
1
What is the tens digit of (55107/156)/((-3)/(-8))?
4
Suppose -5*r - 9 = 3*l + 1, -2*l = -r - 15. Suppose l*f - 86 = -u, -2*u + 0*u + 172 = 2*f. What is the units digit of u?
6
Suppose -3*l = 5*f - 1, 5*f - 2 = 8. What is the tens digit of (-195)/(l - 0) + -2?
6
Let b(q) = q - 5. Suppose -p = -3*r + 24, 4*r - 2*p - 45 = -5*p. Let s be b(r). Suppose -5*f - 3*c - 29 = -233, -s*c - 50 = -f. What is the units digit of f?
2
What is the units digit of -3*(-1)/2 + 49591/202?
7
Suppose -5*w + 720 = 2*j + 3*j, 0 = -2*j + 2*w + 304. Let h be (-2072)/21 - 2/6. Let q = h + j. What is the units digit of q?
9
Let m = 1128 + -704. Suppose 0 = 4*i - 4*p - m, -2*i + 50 + 146 = 2*p. What is the hundreds digit of i?
1
Suppose -33*s + 36*s = 15069. What is the tens digit of s?
2
Let l = -4 + 574. Suppose 0 = -12*y + 6*y + l. What is the units digit of y?
5
Suppose 4*h = -5*t + 721, -5*t - 148 - 26 = -h. What is the units digit of h?
9
Let g(j) = 330*j**2 - j - 1. Let i be g(-1). Suppose -w + i = 10*w. What is the tens digit of w?
3
Let f(j) = 5*j - 2. Let h be f(1). Suppose -3*q + h = -165. What is the units digit of q?
6
Suppose s = -2*s + 15. Suppose -s*h + 52 = -h. Let q = h + 0. What is the units digit of q?
3
Let z(d) be the third derivative of -1/6*d**3 + 13/30*d**5 + 1/12*d**4 + 4*d**2 + 0*d + 0. What is the units digit of z(1)?
7
Suppose -771 - 2911 = -14*o. What is the hundreds digit of o